17d4 (base 16) to base 15
1c1a
What is -216288 (base 12) in base 9?
-885775
-5556362 (base 7) to base 14
-13c2a2
Convert -20121022222 (base 3) to base 6.
-2441512
-4078108 (base 10) to base 9
-7605101
What is 12450453 (base 8) in base 16?
2a512b
-12524031 (base 6) to base 7
-3350446
Convert 23201 (base 8) to base 13.
4643
What is -1440245 (base 8) in base 15?
-8162a
15ab8b (base 15) to base 5
232030411
What is 138543 (base 14) in base 10?
676063
Convert -48391 (base 10) to base 5.
-3022031
What is 11122010100 (base 3) in base 4?
112101033
1010110011010101 (base 2) to base 15
d19a
9260 (base 13) to base 10
20189
What is -1011110100111100011001 (base 2) in base 14?
-5a9c81
Convert 93424 (base 11) to base 6.
2530520
What is 1011001111001011 (base 2) in base 3?
2100010201
Convert -328073 (base 15) to base 8.
-11134123
What is 9d39d9 (base 14) in base 12?
19600a3
Convert aa4a0 (base 11) to base 9.
263816
Convert 61353 (base 12) to base 3.
20102201100
Convert 1389828 (base 12) to base 2.
1110111011110101100000
Convert -1210210010020 (base 3) to base 11.
-5a6441
-16c661 (base 15) to base 2
-100001101110010101010
What is -39877 (base 11) in base 15?
-11d1e
-153106 (base 7) to base 3
-1112000021
Convert -20035342 (base 6) to base 11.
-356523
Convert 100001000010011011000011 (base 2) to base 11.
4985991
-10466355 (base 7) to base 3
-1201002202020
Convert 1256653 (base 13) to base 5.
2431221324
Convert -1c9573 (base 15) to base 6.
-45550243
Convert 27044 (base 9) to base 12.
a6a1
Convert -382015 (base 9) to base 4.
-320123003
What is -13250565 (base 7) in base 5?
-303104101
What is -4401320 (base 8) in base 11?
-736912
Convert -14792 (base 15) to base 16.
-1012d
Convert 7980649 (base 10) to base 6.
443015241
-24b25 (base 13) to base 11
-46a37
3204211030 (base 5) to base 13
150c2c8
What is 4559ad (base 14) in base 8?
10777345
-231130133 (base 4) to base 6
-3553435
Convert 27503 (base 8) to base 14.
45a3
27260701 (base 8) to base 6
335100425
Convert -1312003303 (base 4) to base 2.
-1110110000011110011
-4201024 (base 5) to base 6
-1250533
-114b9 (base 12) to base 16
-5a8d
What is 20721 (base 13) in base 7?
332031
What is 10ee8d (base 15) in base 4?
3011232310
What is 10411210 (base 5) in base 12?
44ab2
bd3a3 (base 16) to base 5
144300300
Convert -1101101001001111000100 (base 2) to base 15.
-4a9bb7
Convert 1075093 (base 10) to base 13.
2b8466
Convert 2abd41 (base 15) to base 7.
23360506
What is 95507 (base 10) in base 3?
11212000022
What is -153877 (base 9) in base 5?
-11013014
Convert -202112303 (base 5) to base 10.
-816578
Convert -31441563 (base 7) to base 14.
-4d56a3
What is -35539 (base 13) in base 9?
-157741
Convert 233101120 (base 4) to base 13.
6a192
What is 11024303 (base 6) in base 13?
b737b
What is -10100001001010111011 (base 2) in base 4?
-2201022323
-4000230 (base 5) to base 9
-104736
What is 13537 (base 11) in base 6?
225131
Convert -4b7aa9 (base 13) to base 9.
-3367750
What is 155415053 (base 6) in base 5?
1324033324
-62246 (base 7) to base 15
-479e
-11111100010011010101 (base 2) to base 14
-1cc885
What is 1ab1612 (base 15) in base 14?
284b264
What is -322c0 (base 13) in base 11?
-62058
-4c9a9d (base 16) to base 4
-103021222131
Convert 110001000101011000 (base 2) to base 11.
128061
What is 1021020200201212 (base 3) in base 12?
6118a12
Convert 414065 (base 7) to base 10.
71048
What is -23300110 (base 5) in base 2?
-110011111000110010
-10110102000112 (base 3) to base 14
-35c052
What is 2693e (base 15) in base 4?
132023000
What is 19301bb (base 12) in base 3?
100221122201122
What is 14b986 (base 12) in base 16?
55fb6
-3a5323 (base 15) to base 16
-2ac126
What is 11011000001001000 (base 2) in base 9?
177720
100100100011010011011 (base 2) to base 10
1197723
Convert -2a587b (base 16) to base 11.
-1626026
What is 10010003021 (base 4) in base 16?
1040c9
-1010001010010010 (base 2) to base 9
-63072
Convert -11102002110210 (base 3) to base 15.
-314820
What is 5000252 (base 6) in base 11?
14a388
What is 20242333 (base 5) in base 3?
22101210211
Convert -1001010110011111001011 (base 2) to base 6.
-124313031
-167681 (base 9) to base 11
-71216
What is 113432340 (base 5) in base 14?
db3bb
What is -63445 (base 11) in base 14?
-25940
129fca (base 16) to base 7
13242316
232325421 (base 6) to base 11
2490347
-83a34 (base 11) to base 16
-1de00
What is 16bbf3 (base 16) in base 2?
101101011101111110011
203332323310 (base 4) to base 8
43767364
What is -10411144 (base 5) in base 11?
-62763
Convert 17b8b5b (base 13) to base 11.
441a94a
32534 (base 11) to base 7
254455
-1100483 (base 15) to base 14
-1884303
-1455345 (base 7) to base 12
-97049
What is -1142315 (base 6) in base 8?
-165407
-1031432203 (base 5) to base 3
-11011200020212
What is 17821145 (base 9) in base 4?
202102223231
-4b516 (base 12) to base 7
-605250
Convert 55604 (base 7) to base 15.
4248
Convert 113133301 (base 4) to base 16.
177f1
13415240 (base 6) to base 7
3566046
Convert 110133322 (base 4) to base 16.
147fa
Convert d7c024 (base 14) to base 16.
6f4a90
Convert 211221100100 (base 3) to base 5.
103422003
10002001313 (base 4) to base 14
1d723d
What is -b77c4 (base 13) in base 7?
-2545463
What is 1483232 (base 12) in base 16?
3f5d86
4929 (base 13) to base 14
3aac
524384 (base 9) to base 8
1140462
-886562 (base 10) to base 8
-3303442
What is 9c35 (base 14) in base 16?
69d7
Convert -65c7 (base 13) to base 14.
-5258
What is 187652 (base 13) in base 2?
10010110011100110001
Convert 1030036 (base 7) to base 2.
11110011111001111
Convert -10220122012 (base 3) to base 9.
-126565
-1cc58 (base 14) to base 10
-73774
-1204033 (base 5) to base 4
-11131321
331067 (base 9) to base 10
197620
40041151 (base 6) to base 12
4631b7
What is 113b3b (base 16) in base 9?
2111060
What is 55512312 (base 6) in base 7?
20140355
What is -105860 (base 11) in base 16?
-29324
Convert -100212200011 (base 4) to base 11.
-25027a9
a480a (base 11) to base 8
452210
cc500c (base 14) to base 2
11010011011100011100100
-200518 (base 12) to base 4
-1321223210
Convert 10101101111101001 (base 2) to base 14.
2465b
What is 295a2 (base 13) in base 8?
230060
Convert -43244625 (base 8) to base 4.
-203110212111
-1a737 (base 12) to base 4
-21202123
-c0b2a (base 16) to base 3
-1111002200222
What is -45033202 (base 6) in base 14?
-274a9c
What is -2a0b48 (base 12) in base 4?
-2230201220
Convert -1331420 (base 6) to base 4.
-102020010
What is -413125113 (base 6) in base 9?
-14406680
Convert -24647276 (base 8) to base 10.
-5459646
Convert -121123230 (base 4) to base 3.
-12021220020
Convert 174647d (base 14) to base 16.
aef26f
What is 16304605 (base 7) in base 13?
434b21
Convert 4c6781 (base 13) to base 6.
103253302
Convert -1010011211 (base 3) to base 14.
-8036
Convert 202121211011 (base 3) to base 9.
677734
Convert 1231222221 (base 4) to base 16.
6daa9
What is 2203404 (base 5) in base 14?
dbab
-14242412 (base 5) to base 12
-72798
3971758 (base 11) to base 14
cab338
Convert -196406 (base 10) to base 6.
-4113142
What is 387545 (base 11) in base 12?
2551a4
Convert -d757f (base 16) to base 11.
-552771
75622 (base 16) to base 13
13aaca
What is -bb3483 (base 12) in base 3?
-12120221121000
What is -100001100011111110111 (base 2) in base 13?
-2c6766
Convert -4113340 (base 6) to base 4.
-233331330
-1063191 (base 11) to base 7
-21561204
Convert -132120020333 (base 4) to base 3.
-112222120110022
-2002100212202 (base 3) to base 15
-16dad5
11a3654 (base 11) to base 15
2b2650
What is 57967 (base 10) in base 3?
2221111221
-1d1526 (base 14) to base 16
-fe25e
Convert 278955 (base 10) to base 3.
112011122200
21242420 (base 5) to base 3
100012021011
What is 162b329 (base 12) in base 11?
2620a01
Convert 135404 (base 6) to base 9.
18614
-1000001100001111011100 (base 2) to base 8
-10141734
What is -11222200021 (base 3) in base 14?
-27acb
What is 4043545 (base 6) in base 10?
192665
Convert -39b97 (base 13) to base 15.
-21c79
Convert 9271a3 (base 12) to base 7.
25331034
-60774 (base 9) to base 15
-bcba
Convert -41c4d (base 14) to base 16.
-26c6d
What is 9857ac (base 16) in base 13?
20b7457
What is -13524410 (base 6) in base 8?
-1607066
What is -13064240 (base 7) in base 10?
-1192394
1608a74 (base 12) to base 9
8410047
10221210010 (base 3) to base 2
10011000000010100
Convert -101002